, 2459, 9463
List the prime factors of 5767192384.
2, 31, 2906851
What are the prime factors of 1721603435?
5, 2243, 153509
What are the prime factors of 5693520663?
3, 233, 2715079
What are the prime factors of 140860777?
140860777
What are the prime factors of 1792810?
2, 5, 179281
List the prime factors of 15444809.
353, 43753
What are the prime factors of 51935337?
3, 647, 991
List the prime factors of 53171428.
2, 13292857
What are the prime factors of 115010583?
3, 53, 723337
What are the prime factors of 606404810?
2, 5, 11, 47, 10663
List the prime factors of 845386931.
17, 19, 673, 3889
What are the prime factors of 2378875755?
3, 5, 167, 949651
What are the prime factors of 305208718?
2, 17, 67, 133981
What are the prime factors of 305266094?
2, 7, 431, 50591
What are the prime factors of 76025342?
2, 547, 69493
List the prime factors of 55494620.
2, 5, 2774731
List the prime factors of 5261477242.
2, 7, 375819803
List the prime factors of 812314079.
293, 389, 7127
List the prime factors of 798854537.
13, 41, 1498789
List the prime factors of 6621682.
2, 139, 23819
List the prime factors of 1283123591.
89, 1117, 12907
List the prime factors of 4856036034.
2, 3, 809339339
What are the prime factors of 38152684?
2, 19, 619, 811
List the prime factors of 31421950.
2, 5, 7, 17, 5281
What are the prime factors of 7751373?
3, 7, 19, 19427
What are the prime factors of 43590646?
2, 11, 1981393
List the prime factors of 3122044680.
2, 3, 5, 149, 283, 617
List the prime factors of 100411789.
19, 278149
List the prime factors of 16491527.
13, 97583
List the prime factors of 35989829.
71, 506899
What are the prime factors of 49431713?
433, 114161
What are the prime factors of 703913890?
2, 5, 70391389
What are the prime factors of 39624718?
2, 7, 103, 27479
List the prime factors of 7706715.
3, 5, 513781
What are the prime factors of 323864366?
2, 7, 4441, 5209
What are the prime factors of 498809374?
2, 7, 43, 828587
What are the prime factors of 4036540?
2, 5, 201827
List the prime factors of 8205277.
419, 19583
What are the prime factors of 185093974?
2, 13, 59, 120661
What are the prime factors of 7050930059?
73, 96588083
What are the prime factors of 212147784?
2, 3, 1627, 1811
What are the prime factors of 47065344?
2, 3, 61283
What are the prime factors of 3800696181?
3, 29, 859, 50857
List the prime factors of 712694317.
712694317
List the prime factors of 123660447.
3, 137, 300877
What are the prime factors of 65503573?
65503573
What are the prime factors of 65302068?
2, 3, 13, 418603
What are the prime factors of 2882007079?
7, 71, 118343
List the prime factors of 1809649961.
7, 163, 241, 6581
What are the prime factors of 4464476256?
2, 3, 883, 52667
List the prime factors of 631272330.
2, 3, 5, 13, 709, 761
List the prime factors of 108328613.
108328613
List the prime factors of 116257432.
2, 409, 35531
What are the prime factors of 909296757?
3, 2381, 42433
What are the prime factors of 1235579220?
2, 3, 5, 29, 236701
What are the prime factors of 304116078?
2, 3, 7, 7240859
What are the prime factors of 372532149?
3, 11, 1254317
List the prime factors of 2225358244.
2, 556339561
What are the prime factors of 49773732?
2, 3, 37, 112103
What are the prime factors of 2929838654?
2, 1464919327
What are the prime factors of 129692888?
2, 13, 101, 12347
List the prime factors of 6471954.
2, 3, 119851
What are the prime factors of 302574602?
2, 11, 17, 809023
List the prime factors of 12598175.
5, 503927
What are the prime factors of 1570839943?
89, 17649887
List the prime factors of 6082058.
2, 3041029
List the prime factors of 49327086.
2, 3, 29, 283489
What are the prime factors of 31977690?
2, 3, 5, 71, 15013
What are the prime factors of 4399574?
2, 863, 2549
List the prime factors of 46191134.
2, 11, 1447, 1451
What are the prime factors of 3985185816?
2, 3, 55349803
What are the prime factors of 19952727?
3, 6650909
What are the prime factors of 98742089?
653, 151213
List the prime factors of 570726356.
2, 101, 1412689
What are the prime factors of 60651018?
2, 3, 374389
List the prime factors of 68366519.
13, 83, 63361
What are the prime factors of 143148046?
2, 67, 313, 3413
List the prime factors of 2779719709.
13, 213824593
What are the prime factors of 266814673?
4517, 59069
What are the prime factors of 1210266951?
3, 113, 739, 4831
What are the prime factors of 349579442?
2, 19, 2729, 3371
List the prime factors of 13833536.
2, 216149
What are the prime factors of 85833598?
2, 2699, 15901
What are the prime factors of 1876292939?
73, 379, 929
What are the prime factors of 13753949?
11, 197, 577
List the prime factors of 99039436.
2, 41, 603899
List the prime factors of 27297203.
1811, 15073
What are the prime factors of 96658155?
3, 5, 11, 31, 6299
What are the prime factors of 9579672772?
2, 2394918193
List the prime factors of 1389595675.
5, 13, 4275679
List the prime factors of 1881565757.
67, 28083071
List the prime factors of 35586720.
2, 3, 5, 13, 1901
List the prime factors of 128988817.
101, 503, 2539
List the prime factors of 453807294.
2, 3, 37, 43, 137, 347
List the prime factors of 293438096.
2, 7, 769, 3407
What are the prime factors of 546288877?
546288877
What are the prime factors of 8329900319?
13, 49289351
What are the prime factors of 1851457143?
3, 263, 2346587
List the prime factors of 186356495.
5, 13, 2867023
List the prime factors of 29224559.
7, 13, 23, 13963
What are the prime factors of 232040399?
23, 109, 92557
List the prime factors of 33619191.
3, 251, 44647
List the prime factors of 5777890.
2, 5, 521, 1109
List the prime factors of 1751480031.
3, 7, 67, 1244833
What are the prime factors of 5259009947?
103, 51058349
What are the prime factors of 32568205?
5, 61, 106781
What are the prime factors of 53974333?
7, 1101517
List the prime factors of 92118868.
2, 101, 107, 2131
What are the prime factors of 305974271?
19, 83, 251, 773
What are the prime factors of 1952300796?
2, 3, 59, 89, 30983
List the prime factors of 144770339.
7, 20681477
What are the prime factors of 7496993271?
3, 79, 31632883
What are the prime factors of 215321686?
2, 881, 122203
List the prime factors of 92077657.
7, 31, 211, 2011
List the prime factors of 2469951095.
5, 37, 431, 30977
List the prime factors of 141597882.
2, 3, 43, 20327
What are the prime factors of 3718777?
3718777
List the prime factors of 4989249202.
2, 7, 67, 5319029
List the prime factors of 783089866.
2, 13, 283, 106427
What are the prime factors of 1559099165?
5, 13, 383, 62627
List the prime factors of 263206505.
5, 101, 521201
List the prime factors of 890072148.
2, 3, 7, 37, 286381
List the prime factors of 690424392.
2, 3, 7, 4109669
List the prime factors of 1211844930.
2, 3, 5, 23, 1097, 1601
What are the prime factors of 619220069?
13, 727, 65519
What are the prime factors of 58756585?
5, 3347, 3511
What are the prime factors of 1958517399?
3, 4111, 158803
What are the prime factors of 96692286?
2, 3, 31, 641, 811
List the prime factors of 50759200.
2, 5, 67, 947
List the prime factors of 581437798.
2, 31, 9378029
What are the prime factors of 241611299?
9931, 24329
List the prime factors of 374931338.
2, 187465669
List the prime factors of 122719178.
2, 179, 342791
What are the prime factors of 193543093?
193543093
What are the prime factors of 372183419?
19, 29, 73, 487
List the prime factors of 158471882.
2, 1051, 75391
What are the prime factors of 628227423?
3, 69803047
List the prime factors of 56961268.
2, 7, 13, 156487
What are the prime factors of 304798758?
2, 3, 11, 29, 31, 467
List the prime factors of 1158128154.
2, 3, 23, 2797411
List the prime factors of 316050750.
2, 3, 5, 19, 7393
What are the prime factors of 212629892?
2, 2557, 20789
What are the prime factors of 6334556587?
467, 13564361
List the prime factors of 37228719.
3, 11, 1128143
What are the prime factors of 1121157698?
2, 3793, 147793
List the prime factors of 2238853904.
2, 7, 19, 150299
What are the prime factors of 32950403?
17, 907, 2137
List the prime factors of 177022263.
3, 11, 1373, 3907
List the prime factors of 121543269.
3, 47, 862009
List the prime factors of 200257402.
2, 2269, 44129
List the prime factors of 123167696.
2, 173, 44497
What are 